
What is the thousands digit of 250026448?
6
What is the hundreds digit of 2185225184?
1
What is the ten thousands digit of 4660811099?
1
What is the ten thousands digit of 82567267?
6
What is the ten thousands digit of 121628013?
2
What is the tens digit of 14199054?
5
What is the thousands digit of 25611504?
1
What is the tens digit of 2782164994?
9
What is the hundred thousands digit of 93226017?
2
What is the hundred millions digit of 200520232?
2
What is the units digit of 643261?
1
What is the ten millions digit of 51447872?
5
What is the hundreds digit of 117620510?
5
What is the millions digit of 381195020?
1
What is the units digit of 59290288?
8
What is the tens digit of 43888245?
4
What is the tens digit of 10098601?
0
What is the tens digit of 1092280376?
7
What is the tens digit of 60696754?
5
What is the ten millions digit of 470538759?
7
What is the ten millions digit of 15681941?
1
What is the hundred thousands digit of 8096484792?
4
What is the hundred millions digit of 1429071254?
4
What is the millions digit of 71110241?
1
What is the hundreds digit of 128958018?
0
What is the hundred thousands digit of 111276120?
2
What is the thousands digit of 19122447?
2
What is the tens digit of 32226951?
5
What is the thousands digit of 36953918?
3
What is the ten thousands digit of 61922227?
2
What is the ten thousands digit of 1239728902?
2
What is the millions digit of 38372215?
8
What is the units digit of 125918903?
3
What is the units digit of 724877868?
8
What is the tens digit of 358502856?
5
What is the hundreds digit of 1563842455?
4
What is the units digit of 1677072288?
8
What is the units digit of 204375387?
7
What is the units digit of 48016833?
3
What is the thousands digit of 829891796?
1
What is the ten thousands digit of 166429129?
2
What is the ten millions digit of 185974033?
8
What is the millions digit of 72625158?
2
What is the units digit of 93978469?
9
What is the hundred millions digit of 2667516471?
6
What is the ten thousands digit of 32582845?
8
What is the ten thousands digit of 782603568?
0
What is the tens digit of 20481435?
3
What is the ten millions digit of 310844125?
1
What is the millions digit of 88758043?
8
What is the thousands digit of 777598166?
8
What is the hundred thousands digit of 56345088?
3
What is the tens digit of 2014494328?
2
What is the hundreds digit of 161803102?
1
What is the hundreds digit of 413388878?
8
What is the thousands digit of 187309233?
9
What is the thousands digit of 83578775?
8
What is the tens digit of 66175528?
2
What is the hundred thousands digit of 549570732?
5
What is the units digit of 82484853?
3
What is the billions digit of 1506499426?
1
What is the hundred thousands digit of 7123295784?
2
What is the tens digit of 98152449?
4
What is the tens digit of 4209614?
1
What is the ten millions digit of 42737509?
4
What is the hundred thousands digit of 1060581378?
5
What is the ten thousands digit of 3279311919?
1
What is the millions digit of 922299207?
2
What is the hundred millions digit of 626313531?
6
What is the ten millions digit of 140208102?
4
What is the hundred thousands digit of 149601741?
6
What is the ten millions digit of 610735646?
1
What is the thousands digit of 60241684?
1
What is the units digit of 35618032?
2
What is the hundreds digit of 170414835?
8
What is the millions digit of 7199781570?
9
What is the hundreds digit of 432561006?
0
What is the ten thousands digit of 376381696?
8
What is the hundred millions digit of 503473182?
5
What is the tens digit of 74041082?
8
What is the units digit of 99663374?
4
What is the hundreds digit of 281121416?
4
What is the millions digit of 23154411?
3
What is the ten millions digit of 39143903?
3
What is the hundred thousands digit of 742723298?
7
What is the millions digit of 705179005?
5
What is the ten millions digit of 122562101?
2
What is the ten millions digit of 170490442?
7
What is the ten thousands digit of 238626?
3
What is the ten millions digit of 61308984?
6
What is the thousands digit of 486995505?
5
What is the millions digit of 183292956?
3
What is the millions digit of 138612377?
8
What is the units digit of 18161621?
1
What is the hundred thousands digit of 7699230?
6
What is the thousands digit of 108549371?
9
What is the hundred millions digit of 219032462?
2
What is the hundred thousands digit of 18322121?
3
What is the units digit of 55658308?
8
What is the ten millions digit of 1360568992?
6
What is the millions digit of 7050594646?
0
What is the hundred thousands digit of 102908311?
9
What is the units digit of 37032226?
6
What is the ten thousands digit of 11264872?
6
What is the ten millions digit of 532950710?
3
What is the thousands digit of 6114352777?
2
What is the billions digit of 2534968804?
2
What is the ten thousands digit of 60735509?
3
What is the hundred thousands digit of 11384604?
3
What is the millions digit of 116822591?
6
What is the millions digit of 48379491?
8
What is the units digit of 1820042053?
3
What is the thousands digit of 2817708978?
8
What is the ten millions digit of 38943447?
3
What is the hundreds digit of 813702255?
2
What is the millions digit of 45085518?
5
What is the millions digit of 401043072?
1
What is the units digit of 739657753?
3
What is the hundred millions digit of 879598718?
8
What is the units digit of 4257525040?
0
What is the units digit of 394744136?
6
What is the thousands digit of 40272367?
2
What is the ten thousands digit of 302233512?
3
What is the hundred millions digit of 4311730387?
3
What is the thousands digit of 8085140?
5
What is the thousands digit of 842081036?
1
What is the hundred thousands digit of 1310805101?
8
What is the hundreds digit of 1033288517?
5
What is the tens digit of 2172397721?
2
What is the thousands digit of 1943242?
3
What is the hundred millions digit of 123529657?
1
What is the ten millions digit of 95560597?
9
What is the ten thousands digit of 4064415809?
1
What is the hundreds digit of 309653651?
6
What is the units digit of 173829252?
2
What is the hundred millions digit of 571159308?
5
What is the ten thousands digit of 5134506293?
0
What is the ten thousands digit of 192764268?
6
What is the ten thousands digit of 51386094?
8
What is the thousands digit of 224269582?
9
What is the hundreds digit of 2559159638?
6
What is the hundred thousands digit of 49844963?
8
What is the ten thousands digit of 58062705?
6
What is the thousands digit of 1540004501?
4
What is the hundreds digit of 27822551?
5
What is the thousands digit of 145206472?
6
What is the millions digit of 541193506?
1
What is the units digit of 9040210488?
8
What is the millions digit of 33303958?
3
What is the hundred millions digit of 400888354?
4
What is the ten millions digit of 56742809?
5
What is the hundreds digit of 59062873?
8
What is the ten millions digit of 2685292585?
8
What is the hundreds digit of 27474568?
5
What is the units digit of 62598954?
4
What is the ten thousands digit of 6817317?
1
What is the ten thousands digit of 583687022?
8
What is the ten thousands digit of 19655476?
5
What is the ten millions digit of 52206990?
5
What is the billions digit of 3649648939?
3
What is the hundred thousands digit of 2809638568?
6
What is the hundred millions digit of 124938695?
1
What is the millions digit of 545807963?
5
What is the thousands digit of 212694459?
4
What is the ten thousands digit of 18500425?
0
What is the tens digit of 123613?
1
What is the units digit of 72300300?
0
What is the ten millions digit of 46523521?
4
What is the tens digit of 5559810528?
2
What is the millions digit of 394266995?
4
What is the hundreds digit of 67641319?
3
What is the thousands digit of 1772328154?
8
What is the thousands digit of 1546125?
6
What is the millions digit of 1914705142?
4
What is the millions digit of 522501377?
2
What is the hundreds digit of 307661904?
9
What is the thousands digit of 14232749?
2
What is the thousands digit of 55707376?
7
What is the ten millions digit of 15498890?
1
What is the thousands digit of 2425130?
5
What is the millions digit of 190986656?
0
What is the ten thousands digit of 55676426?
7
What is the thousands digit of 168068304?
8
What is the hundred millions digit of 